*q + 19*w = 24*w + 804004. Is q composite?
False
Suppose 2*s = 4*d - 70, 0 = 5*d - 5*s + 12 - 87. Suppose -m + 4*x + d = -0*m, 3*m = -x - 5. Suppose -4*g - 3*g + 623 = m. Is g prime?
True
Suppose -2461299 + 12098729 = 110*q. Is q a composite number?
False
Suppose 0 = -2*w + 3*w - 11. Let l(v) = -v**2 + 10*v + 15. Let o be l(w). Suppose -4*n + 16 = 0, -4*t - o*n + 735 = -3*t. Is t prime?
True
Let k = -46973 - -640762. Is k a prime number?
False
Let c(i) = -139 - 247*i - 251*i - 477*i - 301*i + 81*i. Is c(-6) composite?
True
Suppose -4*l - 28 + 68 = 0. Suppose -2*w = -10, -9*w = -3*b - 12*w + 39. Is ((-8)/l)/(b/(-2260)) a prime number?
False
Let k(t) = -3*t - 55. Let l be k(-19). Suppose -5*w - 3*i + 14171 = 0, 0 = -0*i - i + l. Is w composite?
False
Suppose -2*d + 43 = -q - 0*q, -5*d + 108 = -2*q. Let w = 28 - d. Is (82 - 1) + (-2)/(w - 5) a composite number?
False
Let p(t) = -t - 2. Let h(s) = -14061*s - 16. Let r(g) = h(g) - 6*p(g). Is r(-1) a prime number?
True
Is 302924 - 644 - 19/1 a prime number?
True
Let v(l) = 174*l**2 - 12*l + 1583. Is v(40) a prime number?
False
Suppose -72*c = -35*c - 465793. Is c composite?
False
Let g be (-1 + 1534)*12/18. Suppose q + 1999 = 2*j, -2*q - g = -j + 3*q. Let t = j - 616. Is t prime?
False
Is ((-4906192)/24)/((42 + -40)*(-1)/3) composite?
True
Suppose -3*n + m + 4666651 = 0, 3*n - 4671131 = -m - 4464. Is n a prime number?
True
Suppose -13*o + 630118 = 377736 - 774319. Is o a composite number?
False
Suppose 1390438 = 485*a - 471*a. Is a a composite number?
False
Let k be (-6)/(-4)*14/(-6)*-64. Suppose -13*x + 12*x + k = 0. Suppose 5*h + 3*c - x = 0, 2*h + 5*c = 4*h - 102. Is h a prime number?
False
Suppose 20 = s + 3*s. Suppose -r = 2*g + 1, -15 = 4*g - 2*r - 1. Is 264/s - g/10 prime?
True
Suppose -v - 1 = 0, -94 = 5*a + v - 5523. Let u = 524 + a. Let w = -897 + u. Is w a prime number?
False
Suppose 45005 - 238739 = -18*k. Let x = k - 6354. Is x prime?
True
Suppose 6141 = -4*h - 6475. Let m = 2139 + -3816. Let a = m - h. Is a composite?
True
Is -109*5692*((-145)/20 + 7) a composite number?
True
Let b = 180 - 180. Suppose 10839 = -b*k + 3*k. Is k a prime number?
True
Let a = 8081 - -34956. Is a composite?
False
Let t be (-1 - 3) + (-14852)/(-4). Let n = -9203 + t. Is 2/(-9) + 2 + n/(-18) prime?
True
Let o(q) = 2925*q**2 + 207*q - 1231. Is o(6) composite?
True
Let t be ((-4)/(-10))/(8/28180). Suppose 0 = -9*h + t - 266. Is h a composite number?
False
Let t(k) = 2805*k**2 + 115*k + 547. Is t(-5) prime?
False
Suppose 3*n - 18 = -w, 3*w - 3*n + 4*n = 14. Is (-9601)/2*(w - -2 - 7) a composite number?
False
Suppose -j + 3476 = -2*o + j, o - 5*j = -1758. Let g = 2724 + o. Is g prime?
True
Let d(b) = -30*b + 5. Let u be 7/((-70)/(-12)) - 5/25. Suppose 8 = -3*k + 2*o, -2*k + 5*o - 8 = u. Is d(k) a composite number?
True
Let k = -23450 + 8487. Let p = k + 21946. Is p/11 + (-24)/(-132) a prime number?
False
Suppose 316226 + 317488 = 3*j + o, 4*j - 844952 = -2*o. Is j composite?
True
Is 18/12*13950 + (-32)/8 a prime number?
True
Suppose 0 = 77*x - 80*x + 6549. Suppose x = 9*y + 680. Is y composite?
False
Suppose -5*r = -0*r - 5*v - 115, 0 = -4*r - v + 72. Suppose 26*b + 32*b + 20 = 62*b. Suppose 3542 = r*k - b*k. Is k prime?
False
Let g = -93344 - -140905. Is g composite?
True
Let u = -7372 - -11347. Let v = u + 14. Is v composite?
False
Suppose 5*w - 729137 = -2*o - 198511, 3*o + 4*w - 795939 = 0. Is o a prime number?
True
Let a be (-6)/(-8)*(-3505336)/(-123). Suppose -8*h = -10*h + a. Is h a prime number?
True
Let m(v) = -v + 1. Let z(b) = b - 2. Let h(d) = 6*m(d) + 5*z(d). Let f be h(0). Is (-6)/f*((-267)/(-9) - -3) composite?
True
Let w be (-45)/50*(-10)/6*2. Suppose 0 = s + 5*d - 5, -5*s + 25 = -w*d + 4*d. Suppose 2*j = 3*y - 891, s*y - 4*y + j - 292 = 0. Is y prime?
False
Suppose 0 = 2*l + 5*k - 127659 + 16611, 0 = -2*l - k + 111040. Is l composite?
True
Suppose 0 = -5*g - 41 + 81. Suppose 3*q = -4*d + 1627, 5*d = g*d - 3. Is q a composite number?
False
Let w = 251637 - -157144. Is w a prime number?
False
Let g = -35 + 44. Suppose -4*p + 17196 = 4*n, -2*p - n = -11156 + 2560. Suppose p + 4982 = g*w. Is w composite?
False
Suppose -i + 2*r - 224 = -3*i, -5*i - r = -560. Suppose -5*t - 4*p - 176 = 0, 2*p + i = -4*t + 6*p. Is 4312/3 - (2 - t/(-12)) composite?
True
Let r(m) = -81786*m + 1349. Is r(-8) a prime number?
True
Let r = 234546 - 64963. Is r composite?
False
Let p = 99 + -96. Suppose -3*i + 362 - 1973 = 2*h, -p*i - 15 = 0. Let z = 1479 + h. Is z prime?
False
Suppose 3*s + 98 = p, 2*p + 10*s - 11*s - 176 = 0. Let h = p - 86. Suppose 3*m + h*y - 642 = 3*y, -5*y = 4*m - 829. Is m composite?
False
Let u(g) = -836*g + 83. Let t be u(-22). Is t/6 - ((-13)/(-6) + -2) a prime number?
True
Let s(g) be the third derivative of 2*g**5/5 + g**4/3 - 19*g**3/6 + 38*g**2 + 3. Is s(4) a composite number?
False
Let b(n) = 4301*n**2 + 531*n - 1. Is b(8) composite?
False
Let r = 262 + -263. Is 587988/16 + r/4 a prime number?
True
Let s = -40 - -45. Suppose -5*l + 3*l + 714 = s*c, l - c = 364. Suppose 4*y = 218 + l. Is y prime?
False
Suppose 4*x + 789 + 290 = -w, 5*w = -4*x - 1091. Let r = x + 780. Let o = r + -12. Is o a prime number?
True
Is -1*14/10*(-3 + -928762) composite?
True
Suppose a = -2*p + 30, -3*a + 5*p - 10*p + 87 = 0. Let r be (a/(-132) - 4/(-22)) + 4. Suppose -4029 = 2*o - 7*o + r*z, -4*z = o - 825. Is o prime?
True
Let a = -28074 - -40285. Is a + -1 - 10/(-10) prime?
True
Let l = 1448 - 932. Let d = l + -967. Let w = -240 - d. Is w composite?
False
Is 1/((-49)/(-3585904)) + (-80)/112 a prime number?
True
Suppose 5*v - 3*n - 553274 = 0, -5*n - 183429 = -5*v + 369831. Is v a composite number?
True
Suppose -3*n + 4*f + 16 = 0, f = -n + 3*n - 4. Suppose r - 10*r - 5697 = n. Let j = -218 - r. Is j composite?
True
Let s(p) = 465*p**2 + 50*p + 415. Is s(-40) a prime number?
False
Suppose -3492*g - 583250 = -3517*g. Let l = 20 + -12. Suppose -l*m + g = 2*m. Is m composite?
False
Let g(y) = -3*y - 38. Let u be g(-12). Let r be (-3 - -3) + u - -6. Suppose 2*h - h - 5*m = 749, 0 = r*m + 8. Is h a composite number?
False
Let d = -293 + 546. Suppose -3*v - 4*h = -d, 2*v - 5*h = 4*v - 178. Let k = v + 588. Is k a prime number?
False
Let t be 27/5 + 87/145. Is 541/3*(t - 3) a prime number?
True
Let l(q) = -q**2 + 8*q + 5. Let z be l(8). Suppose -8*t + 6*t = x + 12, 32 = -z*t - 3*x. Is 54*9 - t - 3 prime?
True
Let d(j) = 1029*j - 131. Suppose -2*o - c = -27, -42 = -3*o + 3*c + 21. Is d(o) a composite number?
False
Let y(n) = -n**3 + 20*n**2 - 35*n - 38. Let x be y(31). Let i = x + 34433. Is i a composite number?
False
Let o = 130873 + -86874. Is o a prime number?
False
Let a = 184 - 41. Let h = -62 + a. Let i = 238 - h. Is i composite?
False
Suppose 3*f - 2*p - 4 = -0, -3*f + 5*p + 1 = 0. Suppose -2*b = 5*g + f*b - 33, 3*g - 21 = -3*b. Suppose -v = -g*v + 2756. Is v composite?
True
Let r(w) = -w**3 + 9*w**2 + 28*w - 26. Let g be r(11). Let i(f) = -f**3 + 54*f**2 - 99*f + 99. Is i(g) a prime number?
True
Suppose -71*w = -99*w + 6323800 - 324604. Is w prime?
False
Suppose m - 4*s - 574 = 0, -3*m = -3*s - 982 - 749. Let z be (m/34)/((-2)/(-10)). Is (-71498)/(-34) - (-10)/z - 2 a composite number?
True
Suppose -3*b + 38 = -4*v - 5, -b + 9 = -4*v. Let f be (94/6)/(b/969). Suppose 5*q + 98 - f = 0. Is q composite?
True
Let x be 3/1 - (5 + 10/(-5)). Suppose 6174 = 4*t - o, -t - 4*t + 5*o + 7725 = x. Is t prime?
True
Suppose 4*z = -3*y - 8, 0 = 2*y - 3*z - 8 + 2. Suppose -h + 3*h + 1276 = y. Is (2/2)/((-11)/h) composite?
True
Let j(l) = -6564*l - 3221. Is j(-22) a composite number?
True
Let r be (-6310)/6*336/(-8). Suppose -12*y + r = 2*y. Is y composite?
True
Is (-5 - ((-14)/(-7) - 7)) + 27011 composite?
False
Let p be 9/45 + 24679/5. Let b = p - 3031. Suppose 0 = -5*x - 2*l + b, 4*l - 394 = -x + l. Is x composite?
False
Is 1 + (-161)/175 - (-20114730)/250 composite?
True
Let m = 25409 - -21620. Is m prime?
False
Is 6 - (2 - 5) - -40034 prime?
False
Suppose -679220 = -27*o - 11*o + 18*o. Is o prime?
True
Let g(c) = 105642*c**2 - 11*c - 4. Is g(-1) a composite number?
False
Let f = -18 + 36. Let v = 17 - f. Is (2153*v/(-5))/(1/5) composite?
False
Let n(t) = 3*t**3 - 27*t**2 + 24*t + 11. Let f be n(8). Suppose -z = 15*q - f*q - 10